{"id":254782,"date":"2021-10-10T12:31:16","date_gmt":"2021-10-10T10:31:16","guid":{"rendered":"https:\/\/test.will-informatique.fr\/?page_id=254782"},"modified":"2021-10-10T12:56:56","modified_gmt":"2021-10-10T10:56:56","slug":"police-municipale-securite","status":"publish","type":"page","link":"https:\/\/www.forcalqueiret.fr\/?page_id=254782","title":{"rendered":"Police Municipale &#8211; S\u00e9curit\u00e9"},"content":{"rendered":"<p>[et_pb_section fb_built=\u00a0\u00bb1&Prime; _builder_version=\u00a0\u00bb4.11.0&Prime; _module_preset=\u00a0\u00bbdefault\u00a0\u00bb background_color=\u00a0\u00bbRGBA(0,0,0,0)\u00a0\u00bb custom_padding=\u00a0\u00bb0px||0px||false|false\u00a0\u00bb global_module=\u00a0\u00bb253926&Prime; global_colors_info=\u00a0\u00bb{}\u00a0\u00bb][et_pb_row custom_padding_last_edited=\u00a0\u00bbon|phone\u00a0\u00bb _builder_version=\u00a0\u00bb4.11.0&Prime; _module_preset=\u00a0\u00bbdefault\u00a0\u00bb custom_padding_tablet=\u00a0\u00bb\u00a0\u00bb custom_padding_phone=\u00a0\u00bb5px||5px||false|false\u00a0\u00bb global_colors_info=\u00a0\u00bb{}\u00a0\u00bb][et_pb_column type=\u00a0\u00bb4_4&Prime; _builder_version=\u00a0\u00bb4.7.6&Prime; _module_preset=\u00a0\u00bbdefault\u00a0\u00bb global_colors_info=\u00a0\u00bb{}\u00a0\u00bb][et_pb_divider show_divider=\u00a0\u00bboff\u00a0\u00bb _builder_version=\u00a0\u00bb4.11.0&Prime; _module_preset=\u00a0\u00bbdefault\u00a0\u00bb custom_padding=\u00a0\u00bb20px||20px||false|false\u00a0\u00bb custom_padding_tablet=\u00a0\u00bb10px||10px||false|false\u00a0\u00bb custom_padding_phone=\u00a0\u00bb5px||5px||false|false\u00a0\u00bb custom_padding_last_edited=\u00a0\u00bbon|phone\u00a0\u00bb global_colors_info=\u00a0\u00bb{}\u00a0\u00bb][\/et_pb_divider][\/et_pb_column][\/et_pb_row][\/et_pb_section][et_pb_section fb_built=\u00a0\u00bb1&Prime; admin_label=\u00a0\u00bbHeader\u00a0\u00bb _builder_version=\u00a0\u00bb4.11.2&Prime; _module_preset=\u00a0\u00bbdefault\u00a0\u00bb background_color=\u00a0\u00bbRGBA(0,0,0,0)\u00a0\u00bb use_background_color_gradient=\u00a0\u00bbon\u00a0\u00bb background_color_gradient_start=\u00a0\u00bbrgba(0,0,0,0)\u00a0\u00bb background_color_gradient_end=\u00a0\u00bbrgba(0,0,0,0)\u00a0\u00bb background_color_gradient_type=\u00a0\u00bbradial\u00a0\u00bb background_color_gradient_direction_radial=\u00a0\u00bbtop left\u00a0\u00bb background_color_gradient_overlays_image=\u00a0\u00bbon\u00a0\u00bb background_image=\u00a0\u00bbhttps:\/\/forcalqueiret.fr\/wp-content\/uploads\/2020\/11\/crbst_import21.jpg\u00a0\u00bb background_size=\u00a0\u00bbinitial\u00a0\u00bb z_index=\u00a0\u00bb161&Prime; module_alignment=\u00a0\u00bbcenter\u00a0\u00bb custom_margin=\u00a0\u00bb||||false|false\u00a0\u00bb custom_padding=\u00a0\u00bb0px||0px||false|false\u00a0\u00bb motion_trigger_start=\u00a0\u00bbbottom\u00a0\u00bb hover_enabled=\u00a0\u00bb0&Prime; sticky_position_tablet=\u00a0\u00bbnone\u00a0\u00bb sticky_position_phone=\u00a0\u00bb\u00a0\u00bb sticky_position_last_edited=\u00a0\u00bbon|desktop\u00a0\u00bb global_colors_info=\u00a0\u00bb{}\u00a0\u00bb background__sticky_enabled=\u00a0\u00bbon|sticky\u00a0\u00bb background_color__sticky=\u00a0\u00bb#efefc4&Prime; background_enable_color__sticky=\u00a0\u00bbon\u00a0\u00bb sticky_enabled=\u00a0\u00bb0&Prime;][et_pb_row _builder_version=\u00a0\u00bb4.7.4&Prime; _module_preset=\u00a0\u00bbdefault\u00a0\u00bb custom_margin=\u00a0\u00bb|||\u00a0\u00bb global_colors_info=\u00a0\u00bb{}\u00a0\u00bb][et_pb_column type=\u00a0\u00bb4_4&Prime; _builder_version=\u00a0\u00bb4.7.4&Prime; _module_preset=\u00a0\u00bbdefault\u00a0\u00bb custom_padding=\u00a0\u00bb|||\u00a0\u00bb global_colors_info=\u00a0\u00bb{}\u00a0\u00bb custom_padding__hover=\u00a0\u00bb|||\u00a0\u00bb][et_pb_text _builder_version=\u00a0\u00bb4.11.2&Prime; _module_preset=\u00a0\u00bbdefault\u00a0\u00bb text_font=\u00a0\u00bb||||||||\u00a0\u00bb header_font=\u00a0\u00bbCaveat|700|||||||\u00a0\u00bb header_font_size=\u00a0\u00bb68px\u00a0\u00bb header_line_height=\u00a0\u00bb1.2em\u00a0\u00bb header_5_font=\u00a0\u00bbKaushan Script||||||||\u00a0\u00bb header_5_text_color=\u00a0\u00bb#000000&Prime; header_5_font_size=\u00a0\u00bb20px\u00a0\u00bb header_5_letter_spacing=\u00a0\u00bb0.2em\u00a0\u00bb header_5_line_height=\u00a0\u00bb1.8em\u00a0\u00bb positioning=\u00a0\u00bbrelative\u00a0\u00bb text_orientation=\u00a0\u00bbcenter\u00a0\u00bb animation_style=\u00a0\u00bbzoom\u00a0\u00bb animation_intensity_zoom=\u00a0\u00bb5%\u00a0\u00bb hover_enabled=\u00a0\u00bb0&Prime; header_font_size_tablet=\u00a0\u00bb48px\u00a0\u00bb header_font_size_phone=\u00a0\u00bb32px\u00a0\u00bb header_font_size_last_edited=\u00a0\u00bbon|phone\u00a0\u00bb header_5_font_size_tablet=\u00a0\u00bb14px\u00a0\u00bb header_5_font_size_phone=\u00a0\u00bb12px\u00a0\u00bb header_5_font_size_last_edited=\u00a0\u00bbon|desktop\u00a0\u00bb inline_fonts=\u00a0\u00bbAndika\u00a0\u00bb global_colors_info=\u00a0\u00bb{}\u00a0\u00bb z_index__sticky_enabled=\u00a0\u00bbon|sticky\u00a0\u00bb header_text_shadow_style=\u00a0\u00bbpreset1&Prime; sticky_enabled=\u00a0\u00bb0&Prime;]<\/p>\n<h1><span style=\"color: #ff0000;\">Police Municipale &#8211; S\u00e9curit\u00e9<br \/><\/span><\/h1>\n<p>[\/et_pb_text][\/et_pb_column][\/et_pb_row][\/et_pb_section][et_pb_section fb_built=\u00a0\u00bb1&Prime; admin_label=\u00a0\u00bbmairie\u00a0\u00bb _builder_version=\u00a0\u00bb4.11.0&Prime; _module_preset=\u00a0\u00bbdefault\u00a0\u00bb background_color=\u00a0\u00bbRGBA(0,0,0,0)\u00a0\u00bb custom_padding=\u00a0\u00bb10px||||false|false\u00a0\u00bb global_colors_info=\u00a0\u00bb{}\u00a0\u00bb][et_pb_row _builder_version=\u00a0\u00bb4.11.2&Prime; _module_preset=\u00a0\u00bbdefault\u00a0\u00bb custom_padding=\u00a0\u00bb0px|13px||13px|false|true\u00a0\u00bb hover_enabled=\u00a0\u00bb0&Prime; global_colors_info=\u00a0\u00bb{}\u00a0\u00bb custom_margin=\u00a0\u00bb0px||||false|false\u00a0\u00bb sticky_enabled=\u00a0\u00bb0&Prime;][et_pb_column type=\u00a0\u00bb4_4&Prime; _builder_version=\u00a0\u00bb4.7.7&Prime; _module_preset=\u00a0\u00bbdefault\u00a0\u00bb background_color=\u00a0\u00bb#ffffff\u00a0\u00bb custom_padding=\u00a0\u00bb1vw|3vw|1vw|3vw|true|true\u00a0\u00bb border_radii=\u00a0\u00bbon|15px|15px|15px|15px\u00a0\u00bb box_shadow_style=\u00a0\u00bbpreset6&Prime; global_colors_info=\u00a0\u00bb{}\u00a0\u00bb][et_pb_text _builder_version=\u00a0\u00bb4.11.2&Prime; _module_preset=\u00a0\u00bbdefault\u00a0\u00bb text_font=\u00a0\u00bb||||||||\u00a0\u00bb hover_enabled=\u00a0\u00bb0&Prime; global_colors_info=\u00a0\u00bb{}\u00a0\u00bb sticky_enabled=\u00a0\u00bb0&Prime; custom_margin=\u00a0\u00bb||0px||false|false\u00a0\u00bb header_5_font=\u00a0\u00bbAmatic SC||||||||\u00a0\u00bb header_5_font_size=\u00a0\u00bb26px\u00a0\u00bb]<\/p>\n<p style=\"padding-left: 40px;\"><strong>\u27a2 <u>Arr\u00eat\u00e9s municipaux<\/u><\/strong><\/p>\n<h5 style=\"text-align: center;\">Permanents et temporaires<\/h5>\n<p>Un arr\u00eat\u00e9 de police est \u00e9dit\u00e9 au moins 7 jours avant toute manifestation pour r\u00e9glementer le stationnement et la circulation. Cet arr\u00eat\u00e9 est affich\u00e9 pendant ces 7 jours sur le panneau r\u00e9glementaire d\u2019affichage de la mairie.<\/p>\n<p style=\"padding-left: 40px;\"><strong>\u27a2 <u>Chiens cat\u00e9goris\u00e9s<\/u><\/strong><\/p>\n<p><span>\u00a0<\/span>Les chiens susceptibles d&rsquo;\u00eatre dangereux sont class\u00e9s en deux cat\u00e9gories : chien de garde et de d\u00e9fense et chien d&rsquo;attaque. Certaines personnes n&rsquo;ont pas le droit de poss\u00e9der un chien appartenant \u00e0 ces 2 cat\u00e9gories. La d\u00e9tention d&rsquo;un chien appartenant \u00e0 ces 2 cat\u00e9gories est soumise \u00e0 plusieurs conditions : formation et attestation d&rsquo;aptitude du propri\u00e9taire, permis de d\u00e9tention, souscription d&rsquo;une assurance responsabilit\u00e9 civile, identification, \u00e9valuation comportementale du chien, etc.<\/p>\n<p>La d\u00e9tention d&rsquo;un chien de 1er ou de 2e cat\u00e9gorie par une personne non autoris\u00e9e est passible de 6 mois d&#8217;emprisonnement et de 7 500 \u20ac d&rsquo;amende. Les peines compl\u00e9mentaires suivantes peuvent aussi \u00eatre prononc\u00e9es :<\/p>\n<p style=\"padding-left: 40px;\">\u279c Confiscation du ou des chiens concern\u00e9s<br \/>\u279c Interdiction de d\u00e9tenir un chien de de garde et de d\u00e9fense (de 2e cat\u00e9gorie) ou un chien d\u2019attaque (de 1er cat\u00e9gorie) pour une dur\u00e9e maximum de 5 ans.<\/p>\n<p>Pour plus d\u2019informations quant \u00e0 la r\u00e9glementation en vigueur: <span><a href=\"https:\/\/www.service-public.fr\/particuliers\/vosdroits\/F1839\">https:\/\/www.service-public.fr\/particuliers\/vosdroits\/F1839<\/a><\/span><\/p>\n<p>[\/et_pb_text][et_pb_image src=\u00a0\u00bbhttps:\/\/www.forcalqueiret.fr\/wp-content\/uploads\/rott.png\u00a0\u00bb title_text=\u00a0\u00bbrott\u00a0\u00bb align=\u00a0\u00bbcenter\u00a0\u00bb _builder_version=\u00a0\u00bb4.11.2&Prime; _module_preset=\u00a0\u00bbdefault\u00a0\u00bb width=\u00a0\u00bb150px\u00a0\u00bb module_alignment=\u00a0\u00bbcenter\u00a0\u00bb hover_enabled=\u00a0\u00bb0&Prime; global_colors_info=\u00a0\u00bb{}\u00a0\u00bb sticky_enabled=\u00a0\u00bb0&Prime;][\/et_pb_image][et_pb_text _builder_version=\u00a0\u00bb4.11.2&Prime; _module_preset=\u00a0\u00bbdefault\u00a0\u00bb text_font=\u00a0\u00bb||||||||\u00a0\u00bb hover_enabled=\u00a0\u00bb0&Prime; global_colors_info=\u00a0\u00bb{}\u00a0\u00bb sticky_enabled=\u00a0\u00bb0&Prime; custom_margin=\u00a0\u00bb||0px||false|false\u00a0\u00bb header_5_font=\u00a0\u00bbAmatic SC||||||||\u00a0\u00bb header_5_font_size=\u00a0\u00bb26px\u00a0\u00bb]<\/p>\n<p style=\"padding-left: 40px;\"><strong>\u27a2 <u>L&rsquo;identification animale<\/u><\/strong><\/p>\n<p>[\/et_pb_text][et_pb_image src=\u00a0\u00bbhttps:\/\/www.forcalqueiret.fr\/wp-content\/uploads\/identification-animale.png\u00a0\u00bb title_text=\u00a0\u00bbidentification animale\u00a0\u00bb align=\u00a0\u00bbcenter\u00a0\u00bb _builder_version=\u00a0\u00bb4.11.2&Prime; _module_preset=\u00a0\u00bbdefault\u00a0\u00bb module_alignment=\u00a0\u00bbcenter\u00a0\u00bb hover_enabled=\u00a0\u00bb0&Prime; global_colors_info=\u00a0\u00bb{}\u00a0\u00bb sticky_enabled=\u00a0\u00bb0&Prime;][\/et_pb_image][et_pb_text _builder_version=\u00a0\u00bb4.11.2&Prime; _module_preset=\u00a0\u00bbdefault\u00a0\u00bb text_font=\u00a0\u00bb||||||||\u00a0\u00bb hover_enabled=\u00a0\u00bb0&Prime; global_colors_info=\u00a0\u00bb{}\u00a0\u00bb sticky_enabled=\u00a0\u00bb0&Prime; custom_margin=\u00a0\u00bb||0px||false|false\u00a0\u00bb header_5_font=\u00a0\u00bbAmatic SC||||||||\u00a0\u00bb header_5_font_size=\u00a0\u00bb26px\u00a0\u00bb]<\/p>\n<p>L&rsquo;identification peut \u00eatre r\u00e9alis\u00e9e selon deux m\u00e9thodes par des professionnels habilit\u00e9s :<\/p>\n<p style=\"padding-left: 40px;\"><strong>\u279c par un tatouage<\/strong> de lettres et de chiffres sur la peau de la face interne du pavillon de l\u2019oreille ou \u00e0 l\u2019int\u00e9rieur de la cuisse<br \/><strong>\u279c par une puce \u00e9lectronique<\/strong> de la taille d\u2019un grain de riz, inject\u00e9e sous la peau. Le code, compos\u00e9 de 15 chiffres, pourra \u00eatre lu gr\u00e2ce \u00e0 un lecteur sp\u00e9cial et permettra l\u2019identification de l\u2019animal.<\/p>\n<p>Quelle que soit la m\u00e9thode, le principe est d\u2019attribuer un num\u00e9ro unique \u00e0 chaque animal et de l\u2019enregistrer dans un fichier national avec les coordonn\u00e9es du propri\u00e9taire.<\/p>\n<p><em>Attention<\/em> : en cas de changement de num\u00e9ro de t\u00e9l\u00e9phone ou de nouvelle adresse (m\u00eame provisoire au moment des vacances) ou de d\u00e9c\u00e8s d\u2019un animal, il est imp\u00e9ratif de mettre \u00e0 jour ces informations via le fichier national I-cad des chiens, des chats et des furets. Ce fichier permet \u00e9galement de signaler un animal perdu : n\u2019oubliez pas de le d\u00e9clarer \u00ab retrouv\u00e9 \u00bb si vous avez retrouv\u00e9 votre animal de compagnie.<\/p>\n<p>Plus d\u2019informations sur le <span><a href=\"https:\/\/www.i-cad.fr\/\"><strong>site de l\u2019I-cad<\/strong><\/a> et le <a href=\"https:\/\/identifier-mon-animal.fr\/\"><strong>site \u00ab Identifier mon animal \u00bb<\/strong><\/a>.<\/span><\/p>\n<p><span><\/span><\/p>\n<p style=\"padding-left: 40px;\"><strong>\u27a2 <u>Stationnements abusifs<\/u><\/strong><\/p>\n<p>Il est interdit de laisser abusivement un v\u00e9hicule en stationnement sur une route.<\/p>\n<p>Est consid\u00e9r\u00e9 comme abusif le stationnement ininterrompu d&rsquo;un v\u00e9hicule en un m\u00eame point de la voie publique ou de ses d\u00e9pendances, pendant une dur\u00e9e exc\u00e9dant sept jours ou pendant une dur\u00e9e inf\u00e9rieure mais exc\u00e9dant celle fix\u00e9e par arr\u00eat\u00e9 de l&rsquo;autorit\u00e9 investie du pouvoir de police.<\/p>\n<p>Tout stationnement abusif est puni de l&rsquo;amende pr\u00e9vue pour les contraventions de la deuxi\u00e8me classe.<\/p>\n<p>Lorsque le conducteur ou le titulaire du certificat d&rsquo;immatriculation est absent ou refuse, malgr\u00e9 l&rsquo;injonction des agents, de faire cesser le stationnement abusif, l&rsquo;immobilisation et la mise en fourri\u00e8re peuvent \u00eatre prescrites dans les conditions pr\u00e9vues aux <span><a href=\"https:\/\/www.legifrance.gouv.fr\/affichCodeArticle.do?cidTexte=LEGITEXT000006074228&amp;idArticle=LEGIARTI000006841132&amp;dateTexte=&amp;categorieLien=cid\">articles L. 325-1 \u00e0 L. 325-3.<\/a><\/span><\/p>\n<p>[\/et_pb_text][et_pb_text _builder_version=\u00a0\u00bb4.11.2&Prime; _module_preset=\u00a0\u00bbdefault\u00a0\u00bb text_font=\u00a0\u00bb||||||||\u00a0\u00bb hover_enabled=\u00a0\u00bb0&Prime; global_colors_info=\u00a0\u00bb{}\u00a0\u00bb sticky_enabled=\u00a0\u00bb0&Prime; custom_margin=\u00a0\u00bb20px||10px||false|false\u00a0\u00bb header_5_font=\u00a0\u00bbAmatic SC||||||||\u00a0\u00bb header_5_font_size=\u00a0\u00bb26px\u00a0\u00bb text_font_size=\u00a0\u00bb20px\u00a0\u00bb]<\/p>\n<p style=\"text-align: center;\"><span style=\"text-decoration: underline;\"><strong>Informations<\/strong><\/span><\/p>\n<p>[\/et_pb_text][et_pb_text _builder_version=\u00a0\u00bb4.11.2&Prime; _module_preset=\u00a0\u00bbdefault\u00a0\u00bb text_font=\u00a0\u00bb||||||||\u00a0\u00bb hover_enabled=\u00a0\u00bb0&Prime; global_colors_info=\u00a0\u00bb{}\u00a0\u00bb sticky_enabled=\u00a0\u00bb0&Prime; custom_margin=\u00a0\u00bb||0px||false|false\u00a0\u00bb header_5_font=\u00a0\u00bbAmatic SC||||||||\u00a0\u00bb header_5_font_size=\u00a0\u00bb26px\u00a0\u00bb]<\/p>\n<p style=\"padding-left: 40px;\"><strong>\u27a2<\/strong> <strong><u>Festivit\u00e9s, circulation, stationnement, dates<\/u><\/strong><\/p>\n<p><span>\u00a0<\/span><span>Les autorisations de circulation et de stationnement peuvent diff\u00e9rer en fonction du planning de certaines festivit\u00e9s.<\/span><span>\u00a0<\/span><\/p>\n<p style=\"padding-left: 40px;\"><strong>\u27a2 <u>Horaires cimeti\u00e8re<\/u><\/strong><\/p>\n<p><span>\u00a0<\/span><span>Le cimeti\u00e8re de Forcalqueiret est ouvert tous les jours de 8h \u00e0 18h.\u00a0 <\/span><span>\u00a0<\/span><span>\u00a0<\/span><span><\/span><\/p>\n<p style=\"padding-left: 40px;\"><strong>\u27a2 <u>Cambriolage, vol de voiture <\/u><\/strong><\/p>\n<p><span>La ville de Forcalqueiret met en garde ses habitants par rapport aux vols de voitures et cambriolages pouvant \u00eatre commis en pleine journ\u00e9e. Et ce, m\u00eame en cas de pr\u00e9sence des propri\u00e9taires dans les environs. Le fait de toujours fermer \u00e0 cl\u00e9s ses \u00e9quipements (portails, portes, v\u00e9hicules) est un pas de plus vers la s\u00e9curit\u00e9. <\/span><\/p>\n<p>[\/et_pb_text][\/et_pb_column][\/et_pb_row][\/et_pb_section]<\/p>\n","protected":false},"excerpt":{"rendered":"<p>Police Municipale &#8211; S\u00e9curit\u00e9\u27a2 Arr\u00eat\u00e9s municipaux Permanents et temporaires Un arr\u00eat\u00e9 de police est \u00e9dit\u00e9 au moins 7 jours avant toute manifestation pour r\u00e9glementer le stationnement et la circulation. Cet [&hellip;]<\/p>\n","protected":false},"author":1,"featured_media":0,"parent":0,"menu_order":0,"comment_status":"closed","ping_status":"closed","template":"","meta":{"_et_pb_use_builder":"on","_et_pb_old_content":"","_et_gb_content_width":"","_monsterinsights_skip_tracking":false,"_monsterinsights_sitenote_active":false,"_monsterinsights_sitenote_note":"","_monsterinsights_sitenote_category":0,"footnotes":""},"class_list":["post-254782","page","type-page","status-publish","hentry"],"_links":{"self":[{"href":"https:\/\/www.forcalqueiret.fr\/index.php?rest_route=\/wp\/v2\/pages\/254782","targetHints":{"allow":["GET"]}}],"collection":[{"href":"https:\/\/www.forcalqueiret.fr\/index.php?rest_route=\/wp\/v2\/pages"}],"about":[{"href":"https:\/\/www.forcalqueiret.fr\/index.php?rest_route=\/wp\/v2\/types\/page"}],"author":[{"embeddable":true,"href":"https:\/\/www.forcalqueiret.fr\/index.php?rest_route=\/wp\/v2\/users\/1"}],"replies":[{"embeddable":true,"href":"https:\/\/www.forcalqueiret.fr\/index.php?rest_route=%2Fwp%2Fv2%2Fcomments&post=254782"}],"version-history":[{"count":2,"href":"https:\/\/www.forcalqueiret.fr\/index.php?rest_route=\/wp\/v2\/pages\/254782\/revisions"}],"predecessor-version":[{"id":254788,"href":"https:\/\/www.forcalqueiret.fr\/index.php?rest_route=\/wp\/v2\/pages\/254782\/revisions\/254788"}],"wp:attachment":[{"href":"https:\/\/www.forcalqueiret.fr\/index.php?rest_route=%2Fwp%2Fv2%2Fmedia&parent=254782"}],"curies":[{"name":"wp","href":"https:\/\/api.w.org\/{rel}","templated":true}]}}